{"id":1438,"date":"2023-05-08T18:33:20","date_gmt":"2023-05-08T18:33:20","guid":{"rendered":"https:\/\/sites.letras.ufmg.br\/aem\/?page_id=1438"},"modified":"2024-11-25T17:46:39","modified_gmt":"2024-11-25T17:46:39","slug":"agendar-visitas-em-grupo","status":"publish","type":"page","link":"https:\/\/sites.letras.ufmg.br\/aem\/agendar-visitas-em-grupo\/","title":{"rendered":"Agendar visitas em grupo"},"content":{"rendered":"\n<h2>\n\t\tVisita\u00e7\u00f5es est\u00e3o momentaneamente pausadas devido \u00e0s obras realizadas na Biblioteca Central!\n\t<\/h2>\n\n","protected":false},"excerpt":{"rendered":"<p>Visita\u00e7\u00f5es est\u00e3o momentaneamente pausadas devido \u00e0s obras realizadas na Biblioteca Central!<\/p>\n","protected":false},"author":4,"featured_media":0,"parent":0,"menu_order":0,"comment_status":"closed","ping_status":"closed","template":"template\/template-page-full-width.php","meta":{"saved_in_kubio":false,"footnotes":""},"class_list":["post-1438","page","type-page","status-publish","hentry"],"kubio_ai_page_context":{"short_desc":"","purpose":"general"},"_links":{"self":[{"href":"https:\/\/sites.letras.ufmg.br\/aem\/wp-json\/wp\/v2\/pages\/1438","targetHints":{"allow":["GET"]}}],"collection":[{"href":"https:\/\/sites.letras.ufmg.br\/aem\/wp-json\/wp\/v2\/pages"}],"about":[{"href":"https:\/\/sites.letras.ufmg.br\/aem\/wp-json\/wp\/v2\/types\/page"}],"author":[{"embeddable":true,"href":"https:\/\/sites.letras.ufmg.br\/aem\/wp-json\/wp\/v2\/users\/4"}],"replies":[{"embeddable":true,"href":"https:\/\/sites.letras.ufmg.br\/aem\/wp-json\/wp\/v2\/comments?post=1438"}],"version-history":[{"count":13,"href":"https:\/\/sites.letras.ufmg.br\/aem\/wp-json\/wp\/v2\/pages\/1438\/revisions"}],"predecessor-version":[{"id":3240,"href":"https:\/\/sites.letras.ufmg.br\/aem\/wp-json\/wp\/v2\/pages\/1438\/revisions\/3240"}],"wp:attachment":[{"href":"https:\/\/sites.letras.ufmg.br\/aem\/wp-json\/wp\/v2\/media?parent=1438"}],"curies":[{"name":"wp","href":"https:\/\/api.w.org\/{rel}","templated":true}]}}

<h2>
		Visitações estão momentaneamente pausadas devido às obras realizadas na Biblioteca Central!
	</h2>

<p>Visitações estão momentaneamente pausadas devido às obras realizadas na Biblioteca Central!</p>
