{"id":1849,"date":"2023-06-05T19:23:51","date_gmt":"2023-06-05T19:23:51","guid":{"rendered":"https:\/\/sites.letras.ufmg.br\/aem\/?page_id=1849"},"modified":"2025-01-07T16:55:02","modified_gmt":"2025-01-07T16:55:02","slug":"jose-maria-cancado","status":"publish","type":"page","link":"https:\/\/sites.letras.ufmg.br\/aem\/jose-maria-cancado\/","title":{"rendered":"Jos\u00e9 Maria Can\u00e7ado"},"content":{"rendered":"\n\n\t\t\t\t<img decoding=\"async\" src=\"http:\/\/sites.letras.ufmg.br\/aem\/wp-content\/uploads\/2024\/11\/jose-maria-cancado.png\" alt=\"Jos\u00e9 Maria Can\u00e7ado. Reprodu\u00e7\u00e3o Editora UFMG.\" itemprop=\"image\" title=\"jose-maria-cancado\" onerror=\"this.style.display='none'\"  \/>\n\t\tJos\u00e9 Maria Can\u00e7ado. Reprodu\u00e7\u00e3o Editora UFMG.\n\t\t\t<a href=\"http:\/\/sites.letras.ufmg.br\/aem\/wp-content\/uploads\/2023\/06\/Inventario-Jose-Maria-Cancado.pdf\" target=\"_blank\" rel=\"noopener\">\n\t\t\t\t\t\t\tInvent\u00e1rio\n\t\t\t\t\t<\/a>\n\t<p>Jornalista, poeta, ensa\u00edsta e doutor em Literatura Brasileira, <strong>Jos\u00e9 Maria Can\u00e7ado<\/strong> trabalha em peri\u00f3dicos como o Jornal do Brasil, a Folha de S. Paulo e o jornal liter\u00e1rio Leia Livros. Destaca-se como cr\u00edtico e estudioso de literatura, atuando tamb\u00e9m como editor e professor em diversas escolas (entre elas a PUC-MG). No campo pol\u00edtico, tem participa\u00e7\u00e3o relevante na campanha pelas Diretas, na constru\u00e7\u00e3o do Partido dos Trabalhadores e na Secretaria Municipal de Cultura de Belo Horizonte.<\/p>\n\t<p><strong>Nascimento: <\/strong>1952<\/p>\n<p><strong>Falecimento:\u00a0<\/strong>20 de julho de 2006, Belo Horizonte, Minas Gerais<\/p>\n<p><b>Origem: <\/b>Doa\u00e7\u00e3o pela fam\u00edlia<\/p>\n<p><b>Data de incorpora\u00e7\u00e3o: <\/b>2009<\/p>\n<p><b>Sum\u00e1rio da composi\u00e7\u00e3o do acervo:\u00a0 <\/b>Cerca de 830 livros, 39 peri\u00f3dicos, e aproximadamente, 60 documentos (produ\u00e7\u00e3o intelectual do titular e de terceiros, recortes de jornais e revistas, mobili\u00e1rio, objetos pessoais etc.).<\/p>\n\n","protected":false},"excerpt":{"rendered":"<p>Jos\u00e9 Maria Can\u00e7ado. Reprodu\u00e7\u00e3o Editora UFMG. Invent\u00e1rio Jornalista, poeta, ensa\u00edsta e doutor em Literatura Brasileira, Jos\u00e9 Maria Can\u00e7ado trabalha em peri\u00f3dicos como o Jornal do Brasil, a Folha de S. Paulo e o jornal liter\u00e1rio Leia Livros. Destaca-se como cr\u00edtico e estudioso de literatura, atuando tamb\u00e9m como editor e professor em diversas escolas (entre elas [&hellip;]<\/p>\n","protected":false},"author":4,"featured_media":0,"parent":0,"menu_order":0,"comment_status":"closed","ping_status":"closed","template":"","meta":{"saved_in_kubio":false,"footnotes":""},"class_list":["post-1849","page","type-page","status-publish","hentry"],"kubio_ai_page_context":{"short_desc":"","purpose":"general"},"_links":{"self":[{"href":"https:\/\/sites.letras.ufmg.br\/aem\/wp-json\/wp\/v2\/pages\/1849","targetHints":{"allow":["GET"]}}],"collection":[{"href":"https:\/\/sites.letras.ufmg.br\/aem\/wp-json\/wp\/v2\/pages"}],"about":[{"href":"https:\/\/sites.letras.ufmg.br\/aem\/wp-json\/wp\/v2\/types\/page"}],"author":[{"embeddable":true,"href":"https:\/\/sites.letras.ufmg.br\/aem\/wp-json\/wp\/v2\/users\/4"}],"replies":[{"embeddable":true,"href":"https:\/\/sites.letras.ufmg.br\/aem\/wp-json\/wp\/v2\/comments?post=1849"}],"version-history":[{"count":7,"href":"https:\/\/sites.letras.ufmg.br\/aem\/wp-json\/wp\/v2\/pages\/1849\/revisions"}],"predecessor-version":[{"id":3567,"href":"https:\/\/sites.letras.ufmg.br\/aem\/wp-json\/wp\/v2\/pages\/1849\/revisions\/3567"}],"wp:attachment":[{"href":"https:\/\/sites.letras.ufmg.br\/aem\/wp-json\/wp\/v2\/media?parent=1849"}],"curies":[{"name":"wp","href":"https:\/\/api.w.org\/{rel}","templated":true}]}}

José Maria Cançado

<img decoding="async" src="http://sites.letras.ufmg.br/aem/wp-content/uploads/2024/11/jose-maria-cancado.png" alt="José Maria Cançado. Reprodução Editora UFMG." itemprop="image" title="jose-maria-cancado" onerror="this.style.display='none'"  />
		José Maria Cançado. Reprodução Editora UFMG.
			<a href="http://sites.letras.ufmg.br/aem/wp-content/uploads/2023/06/Inventario-Jose-Maria-Cancado.pdf" target="_blank" rel="noopener">
							Inventário
					</a>
	<p>Jornalista, poeta, ensaísta e doutor em Literatura Brasileira, <strong>José Maria Cançado</strong> trabalha em periódicos como o Jornal do Brasil, a Folha de S. Paulo e o jornal literário Leia Livros. Destaca-se como crítico e estudioso de literatura, atuando também como editor e professor em diversas escolas (entre elas a PUC-MG). No campo político, tem participação relevante na campanha pelas Diretas, na construção do Partido dos Trabalhadores e na Secretaria Municipal de Cultura de Belo Horizonte.</p>
	<p><strong>Nascimento: </strong>1952</p>
<p><strong>Falecimento: </strong>20 de julho de 2006, Belo Horizonte, Minas Gerais</p>
<p><b>Origem: </b>Doação pela família</p>
<p><b>Data de incorporação: </b>2009</p>
<p><b>Sumário da composição do acervo:  </b>Cerca de 830 livros, 39 periódicos, e aproximadamente, 60 documentos (produção intelectual do titular e de terceiros, recortes de jornais e revistas, mobiliário, objetos pessoais etc.).</p>

<p>José Maria Cançado. Reprodução Editora UFMG. Inventário Jornalista, poeta, ensaísta e doutor em Literatura Brasileira, José Maria Cançado trabalha em periódicos como o Jornal do Brasil, a Folha de S. Paulo e o jornal literário Leia Livros. Destaca-se como crítico e estudioso de literatura, atuando também como editor e professor em diversas escolas (entre elas [&hellip;]</p>
