{"id":1857,"date":"2023-06-05T19:29:55","date_gmt":"2023-06-05T19:29:55","guid":{"rendered":"https:\/\/sites.letras.ufmg.br\/aem\/?page_id=1857"},"modified":"2024-12-06T12:24:11","modified_gmt":"2024-12-06T12:24:11","slug":"murilo-rubiao","status":"publish","type":"page","link":"https:\/\/sites.letras.ufmg.br\/aem\/murilo-rubiao\/","title":{"rendered":"Murilo Rubi\u00e3o"},"content":{"rendered":"\n\n\t\t\t\t<img decoding=\"async\" src=\"http:\/\/sites.letras.ufmg.br\/aem\/wp-content\/uploads\/2024\/11\/murilo-rubiao.png\" alt=\"Murilo Rubi\u00e3o. Reprodu\u00e7\u00e3o Arquivo AEM.\" itemprop=\"image\" title=\"murilo-rubiao\" onerror=\"this.style.display='none'\"  \/>\n\t\tMurilo Rubi\u00e3o. Reprodu\u00e7\u00e3o Arquivo AEM.\n\t\t\t<a href=\"http:\/\/sites.letras.ufmg.br\/aem\/wp-content\/uploads\/2023\/08\/Inventario-Murilo-Rubiao.pdf\" target=\"_blank\" rel=\"noopener\">\n\t\t\t\t\t\t\tInvent\u00e1rio\n\t\t\t\t\t<\/a>\n\t<p>Al\u00e9m do trabalho como escritor, <strong>Murilo Rubi\u00e3o<\/strong> ocupa importantes cargos p\u00fablicos. Cria o <em>Suplemento Liter\u00e1rio do Minas Gerais<\/em>\u00a0e liga-se a v\u00e1rias escolas e grupos liter\u00e1rios, a artistas pl\u00e1sticos e a diversos representantes da classe pol\u00edtica, como JK e Tancredo Neves. \u00c9 um dos maiores representantes do fant\u00e1stico brasileiro, tornando-se o primeiro escritor a publicar trabalhos no g\u00eanero na Am\u00e9rica Latina, com o lan\u00e7amento, em 1947, de\u00a0<em>O ex-m\u00e1gico<\/em>.<\/p>\n\t<p><strong>Nascimento:<\/strong> 1 de junho de 1916, Carmo de Minas, Minas Gerais<\/p>\n<p><strong>Falecimento:<\/strong>\u00a016 de setembro de 1991,\u00a0Belo Horizonte, Minas Gerais<\/p>\n<p><strong>Origem do acervo: <\/strong>Acervo doado pela fam\u00edlia<\/p>\n<p><strong>Data de incorpora\u00e7\u00e3o: <\/strong>1991<\/p>\n<p><strong>Sum\u00e1rio da composi\u00e7\u00e3o do acervo: <\/strong>Cole\u00e7\u00e3o Bibliogr\u00e1fica, constitu\u00edda por 3446 livros e 310 peri\u00f3dicos, e Cole\u00e7\u00e3o Documental com 9600 documentos (originais, cartas, fotografias, quadros, mobili\u00e1rio etc).<\/p>\n\n","protected":false},"excerpt":{"rendered":"<p>Murilo Rubi\u00e3o. Reprodu\u00e7\u00e3o Arquivo AEM. Invent\u00e1rio Al\u00e9m do trabalho como escritor, Murilo Rubi\u00e3o ocupa importantes cargos p\u00fablicos. Cria o Suplemento Liter\u00e1rio do Minas Gerais\u00a0e liga-se a v\u00e1rias escolas e grupos liter\u00e1rios, a artistas pl\u00e1sticos e a diversos representantes da classe pol\u00edtica, como JK e Tancredo Neves. \u00c9 um dos maiores representantes do fant\u00e1stico brasileiro, tornando-se [&hellip;]<\/p>\n","protected":false},"author":4,"featured_media":0,"parent":0,"menu_order":0,"comment_status":"closed","ping_status":"closed","template":"","meta":{"saved_in_kubio":false,"footnotes":""},"class_list":["post-1857","page","type-page","status-publish","hentry"],"kubio_ai_page_context":{"short_desc":"","purpose":"general"},"_links":{"self":[{"href":"https:\/\/sites.letras.ufmg.br\/aem\/wp-json\/wp\/v2\/pages\/1857","targetHints":{"allow":["GET"]}}],"collection":[{"href":"https:\/\/sites.letras.ufmg.br\/aem\/wp-json\/wp\/v2\/pages"}],"about":[{"href":"https:\/\/sites.letras.ufmg.br\/aem\/wp-json\/wp\/v2\/types\/page"}],"author":[{"embeddable":true,"href":"https:\/\/sites.letras.ufmg.br\/aem\/wp-json\/wp\/v2\/users\/4"}],"replies":[{"embeddable":true,"href":"https:\/\/sites.letras.ufmg.br\/aem\/wp-json\/wp\/v2\/comments?post=1857"}],"version-history":[{"count":10,"href":"https:\/\/sites.letras.ufmg.br\/aem\/wp-json\/wp\/v2\/pages\/1857\/revisions"}],"predecessor-version":[{"id":3481,"href":"https:\/\/sites.letras.ufmg.br\/aem\/wp-json\/wp\/v2\/pages\/1857\/revisions\/3481"}],"wp:attachment":[{"href":"https:\/\/sites.letras.ufmg.br\/aem\/wp-json\/wp\/v2\/media?parent=1857"}],"curies":[{"name":"wp","href":"https:\/\/api.w.org\/{rel}","templated":true}]}}